n be 1 - (5 + -3 + o). Give a(n).
4
Let q(f) = 4*f**3 - f**2 - f + 1. Let u be q(1). Suppose -y + 2*y - v = -u, 2*y - 5*v = -12. Let h(j) = -4*j. Calculate h(y).
4
Let r(p) = -11*p**2 + 5*p + 3. Let j(k) = 11*k**2 - 4*k - 2. Suppose -2*l + 13 = 2*l - v, 0 = 5*l + 4*v - 32. Let t(h) = l*j(h) + 3*r(h). What is t(1)?
11
Let l(q) = q - 12*q**2 + q + 6*q**2 + 5 + q**3. Calculate l(4).
-19
Let o(n) be the first derivative of n**6/180 + n**5/40 - n**4/12 + n**3/3 + 3. Let l(q) be the third derivative of o(q). Give l(-3).
7
Let l = 162 + -155. Let w(h) = -h - 9. Determine w(l).
-16
Let a(c) = -c**3 + 7*c**2 - 5*c - 8. Let l be a(6). Suppose -3 = -n + 1. Let b(x) = -x. Let t(j) = 3*j + 1. Let r(z) = n*b(z) + t(z). Calculate r(l).
3
Let o(y) = 6*y - 8 - 3*y + y**3 + 2 - 11*y - 8*y**2. Determine o(9).
3
Let q(k) = -k**3 - 4*k**2 + 7*k + 3. Suppose 3*m - 5 = 4*m. Calculate q(m).
-7
Let k(v) = v + 4. Let x(w) = w + 4. Let i(l) = -2*k(l) + 3*x(l). Give i(-5).
-1
Let w(s) = 176*s - 9*s**2 - 2*s**3 + 3*s**3 + 0*s**3 + 9 - 169*s. What is w(8)?
1
Let s(z) = z**3 + z**2 + 1. Let p(d) = 0 + 9*d - 3*d - 3*d**2 + 3 + 4*d**3. Let t(o) = -p(o) + 3*s(o). Determine t(5).
-5
Let o(w) be the third derivative of w**6/60 + w**5/60 + w**4/24 - w**2. Suppose 5 = 4*p - 3*m, m = 2*p + 2*p + 1. Calculate o(p).
-2
Suppose 3 = q - 0*q. Let a(s) = -3*s + s**2 + 0*s - 1 + q*s - 4*s. Let i be 1 - (-2)/(1 - 0). What is a(i)?
-4
Let t(p) be the third derivative of p**4/6 - p**3 + p**2 + 23. Let c = -7 - -11. What is t(c)?
10
Let c = 23 + -19. Suppose -c*v = -9*v - 30. Let s(a) = 2*a + 9. What is s(v)?
-3
Let z(d) = 2*d + 2. Let j = 12 + -6. Let h = j + -2. What is z(h)?
10
Let s = -219/4 + 55. Let u(c) be the first derivative of 1 - s*c**4 + 0*c**2 - 2/3*c**3 + 0*c. Calculate u(-2).
0
Let r(s) = 5*s - 7. Let t(u) = -3*u + 4. Let q(g) = -4*r(g) - 7*t(g). Determine q(6).
6
Let f = 19 - 26. Let d(j) = -j**2 - 7*j + 3. Calculate d(f).
3
Let r(f) = -3*f - 5. Let i = -84 - -79. Calculate r(i).
10
Let n(h) = -h**3 + 2*h**2 + 6*h - 2. Suppose -4*x + 9*x + 15 = 0. Let a be -2 + (5 - 3/x). Calculate n(a).
-10
Suppose -m = m - s + 3, m - 5*s + 24 = 0. Let t(x) = 4*x + 1. Determine t(m).
5
Let w(g) = -g**2 - 4*g + 8. Let n be w(-5). Let f(j) = j**2 - 2*j. Determine f(n).
3
Let y(v) = -2*v**2 + 2*v + 2. Suppose b = 5*b - 12. Let l be -1*(b + -5 - 0). Calculate y(l).
-2
Let k(f) = f**3 - 7*f**2 + f - 3. Suppose -4*i = 2*l - 126, 0 = i + 3*i - l - 117. Suppose 2*a + 18 = 2*b - 2*a, i = 4*b - 2*a. Calculate k(b).
4
Let g(c) = -2*c + 4. Let a be 3/3 + 0 + 0. Let x(k) = k - 1. Let d(p) = a*g(p) + 3*x(p). Let z = 0 - -2. Give d(z).
3
Let h(d) = 2*d**3 + 2*d**2 - 3. Let n(x) = -x**3 + 1. Let w(s) = -h(s) - n(s). Let a = -5 + 3. Determine w(a).
2
Let m(o) be the third derivative of -o**5/60 + o**4/4 - o**3/6 + o**2. Let b be m(6). Let k(p) = 5*p. Determine k(b).
-5
Let f = 2 + -5. Let y(j) = 5*j**2 + 2*j - 5. Let a(x) = 5*x**2 + 2*x - 4. Let c(p) = f*y(p) + 4*a(p). Calculate c(1).
6
Let s(b) = -3*b**2 - 8*b + 4. Let w = -14 + 9. Let l(r) = 3*r**2 + 7*r - 4. Let z(t) = w*l(t) - 4*s(t). Determine z(-3).
-14
Suppose 0 = -2*w - 3*w + 10. Let q(g) = 5*g**2 - 4*g**w + 2 - 3*g**2. Let s be (4 + -1)/(9/(-6)). What is q(s)?
-6
Let h(b) = -2*b - 2. Let j = -4 - -8. Suppose 3*m - 2*m = -j. Determine h(m).
6
Suppose -16*o = -21*o - 5. Let x(g) = -2*g**2 + 1. What is x(o)?
-1
Let f(q) = q**2 - q - 1. Let l(a) = a**3 + 4*a**2 - 4*a - 15. Let j(o) = 4*f(o) - l(o). Calculate j(0).
11
Suppose -5*u - 5 = -35. Let c(r) = -2*r**2 + u*r**2 - 8*r**3 + r - 3*r**2 - 2*r**3. Give c(-1).
10
Suppose -3*p + 4 + 9 = -2*z, -5*p = 2*z - 27. Let b be 4 - z/((-3)/(-9)). Let w(y) = 3*y**2. Give w(b).
3
Let v(q) = -3*q + 1. Suppose 7*g - 2 = 9*g. Determine v(g).
4
Let t(k) = -6 + 1 + k + 3. Let o(r) = -r**3 + 6*r**2 + r - 3. Suppose v + 4*p = -v + 16, 4*p + 2 = v. Let f be o(v). What is t(f)?
1
Let d(v) be the first derivative of -v**6/60 + v**5/60 - v**4/24 + 2*v**3/3 - 1. Let t(n) be the third derivative of d(n). Calculate t(1).
-5
Let z(x) = 2*x**2 - 3*x + 2. Suppose -5*t = 4*c + 3, 2 = 4*c + 2*t - 4. Calculate z(c).
11
Let p(l) = 3*l**2 + 9. Suppose -2*i - 6 = -0*i. Let f(y) = -2*y**2 + y - 8. Let g(n) = i*p(n) - 4*f(n). Determine g(-5).
0
Suppose 5*k + 4*n - 1 = 0, 2*k + 5*n - 2*n - 6 = 0. Let i = 2 - k. Let u be 1/i - 48/15. Let s(w) = w - 1. What is s(u)?
-4
Let x(v) = 12*v + 3 + v**3 - 19*v + 2*v**2 - 9. Calculate x(-4).
-10
Suppose 8 = 7*r - 5*r. Let k(u) = -r*u - 5 + 3*u + 3. What is k(-4)?
2
Suppose -3*f - 8 = -5*f. Let b be -3*5/((-15)/f). Let t(u) = u**3 - 4*u**2 - u - 4. Give t(b).
-8
Let n be 2/4*(-3 - -11). Let r = 9 - n. Let g(u) = -u**3 + 4*u**2 + 5*u - 6. Calculate g(r).
-6
Let w(v) = -6*v**2. Suppose -2*f + 3*f + 1 = 0. What is w(f)?
-6
Let j(y) = -2*y - 4. Suppose -q + 4*q - 6 = 0. Suppose -5*v - 6 = 2*n, 3*n + 2*n = -q*v - 15. Suppose -3*g + r - 11 = v, -r + 2 = -0. Calculate j(g).
2
Let q(t) be the second derivative of -3*t - 1/2*t**2 + 1/12*t**4 + 0 - 7/6*t**3. What is q(6)?
-7
Let y be (-8)/(-28) + (-360)/(-14). Suppose y = -5*w + 6. Let v(b) = b**2 + 5*b - 3. What is v(w)?
-7
Let r(i) = i**3 + 6*i**2 + 7*i + 3. Suppose -28*k - 50 = -18*k. What is r(k)?
-7
Let x(b) = -3*b**2 + 2*b + 1. Let l(m) = m**3 - 5*m**2 + m - 6. Let k be l(5). Give x(k).
-4
Suppose u + 5*t = -0*u - 9, -5*u + 11 = -3*t. Let r(m) = -m**2 - m**2 + u + 3*m**2. Determine r(-3).
10
Let n(q) be the third derivative of -q**6/120 + q**5/15 - q**4/8 + 2*q**3/3 + q**2. Determine n(3).
4
Let z(w) = -4 + w - 4 + 26 - 10. Calculate z(-11).
-3
Suppose 7 = 2*q + 5*b - 20, -q + 3*b - 14 = 0. Let i(y) = -3*y**3 + y**2 + y - 1. Give i(q).
-2
Let f be 2/(-3)*18/(-4). Let x(v) = v**2 - 5*v + 4. What is x(f)?
-2
Let g(l) = l - 8. Suppose 0 = 2*a + 3*a + 30. Calculate g(a).
-14
Let h(t) = t**2 - 7*t + 1. Let r be h(7). Suppose v - 3 = -r. Let l(p) = 2*p**2 + p - 2*p + 2 - 3. Calculate l(v).
5
Let z(a) = -a + 8. Let t be z(6). Let d(r) = -2*r**3 + 2*r**2 + 2*r. Determine d(t).
-4
Let k(q) = 13*q - 11 - 29*q + 14*q. Determine k(-9).
7
Let r(b) = -b**3 + 6*b**2 - 5*b. Let x = 119 - 115. Determine r(x).
12
Let c = -24 - -36. Let n be ((-9)/c)/((-1)/(-4)). Let h be (n - -1 - 0) + -2. Let a(y) = 2*y. Determine a(h).
-8
Suppose -4*a - 8 = -0*a. Let k be a/(-4) + 9/6. Let h(c) = 3 - 5*c**k + c**3 + 5*c**2 - c**2. Give h(0).
3
Let u(g) = g**3 - 8*g**2 - g + 7. Let j(y) = -y**3 + y**2 - y - 1. Let r(p) = -2*j(p) - u(p). Suppose 2*n + 4 = -3*b, 3*b = 5*n + 7*b + 17. Determine r(n).
5
Let l be -2 - (2 - 0/(-3)). Let z(p) = 2*p**2 - 4*p - 2. Let r(s) = 3*s**2 - 8*s - 3. Let v(b) = -3*r(b) + 5*z(b). Give v(l).
-1
Let j be 3/(6/(-4)) + 3. Let t(g) = -6*g**3 + 2*g**2 - 1. Determine t(j).
-5
Suppose -5*c = 4*t - 31, -4*t + 8 = -8. Let l(z) = 3*z**3 + 2*z**3 + z + z**2 - 2*z**3 + 1 + 3*z**c. What is l(-1)?
-5
Suppose 20 = -4*i + 2*s + 4, 5*i = -3*s - 31. Let n(q) = q**2 + 7*q + 7. What is n(i)?
-3
Suppose 0 = 3*d - 2 - 10. Suppose x = 2*q - 10, -d*x + 3*x - q = 1. Let z(b) = -b - 6. What is z(x)?
-2
Let y(g) = -g**2 + 6*g + 7. Let i be (-3 - 0) + (12 - 2). Determine y(i).
0
Let n(d) be the second derivative of 2*d**4/3 - 12*d. Let b(x) = x**2 + 6*x - 6. Let m be b(-7). Calculate n(m).
8
Let k(v) = 5*v - 4. Let a(y) = -9*y + 8. Let f(t) = 6*a(t) + 11*k(t). Let m = -25 + 38. Let z = m - 8. Give f(z).
9
Let c be ((-3)/5)/((-2)/10). Suppose -1 - c = -4*o. Let i(x) = -x**3 - x. Determine i(o).
-2
Let l(b) = b**2 + 1. Let q(j) = 3*j**2 + 0*j + j + 2 + 4*j - 3*j. Let t(v) = -2*l(v) + q(v). Let n be t(-3). Let m(u) = 2*u + 1. Give m(n).
7
Let c(q) = 3*q + 1. Let d(w) = -9*w + 50. Let a be d(6). What is c(a)?
-11
Let h(f) = 3*f**2 + 4*f + 1. Let w be (-16)/6 - (-1)/(-3). Give h(w).
16
Suppose j = -j - 4. Let a(t) = -6 + 1 + t + 3 + 3. What is a(j)?
-1
Let k = 71 + -77. Let d(w) = -6*w**2 - 6*w + 4. Let h(p) = -p**2 + 1. Let y(r) = d(r) - 5*h(r). Determine y(k).
-1
Let n be 0*((-6)/4 + 2). Suppose n = -5*d + 2*d + 21. Let v(t) = -3*t**2 + t**3 - 2 + d*t**2 + 5. Give v(-4).
3
Let k(r) = -3*r + 3*r - 6 - 3*r. Give k(-4).
6
Let v(w) = w**2 + 15*w + 19. Let y be v(-14). Let a(p) = -p**3 + 7*p**2 - 7*p + 5. Determine a(y).
20
Let c(f) = -2. Let r(p) = -p - 1. Let m(d) = c(d) - 2*r(d). Suppos